7*j**4/24 + 17*j**3/6 + 211*j**2. Give y(5).
-18
Suppose 5878 = 56*r + 6214. Let m(q) be the first derivative of -2*q**2 - 15*q - 2. What is m(r)?
9
Let q(k) be the second derivative of k**3/3 + 27*k**2 - k - 937. What is q(-14)?
26
Let a be ((-2)/(-3))/((-66)/(-9) - 7). Suppose 4*v = -2*v + 5*p - 42, a*p = 4*v + 28. Let r(n) = n**2 + 7*n - 9. What is r(v)?
-9
Let v(i) = 14*i**2 - 4*i**2 - 3 + 2*i**3 + 9*i + 0*i**3. Let n be v(-4). Let t(c) = -2*c - 2. What is t(n)?
12
Let k(n) = -n**3 - 4*n**2 + 4*n - 9. Let u be k(-5). Let z(g) = -28*g - 13. Let q be z(u). Let c = -92 + q. Let l(m) = m**2 - 5*m - 10. Calculate l(c).
4
Let t(q) = -9*q**2 + 31*q - 11. Let c(v) = 2*v**2 - 6*v + 1. Let d(i) = 5*c(i) + t(i). What is d(0)?
-6
Let y be 6 + 0 - (0 + 1). Suppose 2*f + 16 = 4*q, 2*f = -q - 23 + 22. Let k = f - y. Let d(w) = w**2 + 9*w + 4. Determine d(k).
-10
Suppose 6*i + 2*i = 16. Suppose -2*l = 4*v + 2*l - 72, -v + 6 = -i*l. Let y(j) = -j + 10. Calculate y(v).
-4
Let j(u) = 30*u - 169. Let q(r) = 44*r - 224. Let z(a) = -7*j(a) + 5*q(a). What is z(-7)?
-7
Let z(m) = m**3 - 2*m**2 - 1. Let c(a) = -a**3 + 10*a**2 - 7*a + 10. Let s(g) = -c(g) - 4*z(g). What is s(1)?
-4
Suppose -8*k - 59 = -5*r, -5*r + 50 = 33*k - 38*k. Let a(s) = -s**2 - 13*s - 38. Give a(k).
-8
Let t(a) = -6*a - 65. Let w be ((-7)/5 - (-80)/75)*33. Determine t(w).
1
Let u be (240/72)/((-10)/(-75)). Let x(b) = -b + 17. What is x(u)?
-8
Suppose -n + 2*o + 18 = 0, 3*o - 66 = -3*n + 24. Let f(m) = 6*m - 146. Calculate f(n).
10
Let q(d) = 46*d - 55. Let h(a) = 52*a - 53. Let s(g) = 7*h(g) - 8*q(g). What is s(14)?
13
Let v(n) be the third derivative of -n**5/60 - 3*n**4/8 + 29*n**3/6 - 90*n**2 - 6. What is v(-12)?
-7
Suppose p = -2*p + 6. Let u(v) = 54*v + 48*v + 53*v + 5*v**2 + 54*v - 212*v + 2. What is u(p)?
16
Let s(q) = -q - 16. Let g be 30/10*10/2. Let i be 6 - 2 - (3 - 3 - 0). Suppose -m + 3*y - 6 = 4*y, -i*y = 3*m + g. What is s(m)?
-7
Let i(b) be the second derivative of b**3/6 + 35*b**2/2 + 141*b. Calculate i(0).
35
Let j be (-16)/(-6) + 1292/51. Let k(a) be the first derivative of j - a - 1/3*a**3 + 3/2*a**2. What is k(3)?
-1
Let m(j) = -101*j**3 + j**2 + 102*j**3 - 1276*j + 1275*j - 27 + 17*j**2. What is m(-18)?
-9
Let c(p) = p**3 - 7*p**2 + 4*p - 1. Suppose -4*u = -2*l - 22, -u + 28 = 14*l - 19*l. Calculate c(u).
-25
Let t(z) = z. Let m(s) = 8*s + 3. Let y(o) = 6*m(o) - 51*t(o). Let g(b) = 2. Let f(v) = 6*g(v) - y(v). What is f(3)?
3
Let m(p) = p + 10. Let q be -85*(0 - (-4 + 5)). Let h = q + -135. Let y = -57 - h. Determine m(y).
3
Let o(j) = -19*j. Suppose 0 = 3*u + 4*c - 43 - 41, 2*c - 6 = 0. Let r be ((-1)/(-2))/(u/48). Give o(r).
-19
Let d(h) be the third derivative of -h**7/720 - h**6/360 - h**5/12 + h**4/24 + 87*h**2. Let n(o) be the third derivative of d(o). Give n(-1).
5
Let m(s) = -s**2 + 16*s + 110. Let y(q) = -q**3 - 15*q**2 - 3*q - 24. Let i be y(-15). Calculate m(i).
5
Let p(u) = -7*u + 206. Let q be p(29). Let z(b) = 1 + 6*b + q*b - 14*b. Calculate z(-1).
6
Let m(b) = b**2 - 9*b + 31. Let l be (3 + -21)*(1 - 63/54). Calculate m(l).
13
Let s = 102 - 96. Let i be (-5)/(-10)*15*(-4)/s. Let j(o) = 7 + 2*o + 8*o**2 + o**3 - 2*o**2 + 4*o. What is j(i)?
2
Let i(c) = c**2 + 5*c - 1. Let h(w) be the second derivative of -w**2/2 - w. Let n(p) = h(p) - i(p). Suppose -3*r - 74*r - 410 = 206. Determine n(r).
-24
Let u be (-3)/15 - 57680/(-1400). Let a(z) = z**3 - 40*z**2 - 44*z + 132. Calculate a(u).
9
Let x(n) = -20*n**2 + 2. Suppose -14*j + 8 = -24*j - 2. Determine x(j).
-18
Let j = -95 + 251. Let q = -119 + j. Suppose -q*w - 14 = -35*w. Let n(x) = -x**2 - 6*x + 5. What is n(w)?
-2
Let p = 5012 + -5007. Let c(r) = -r**3 + 6*r**2 - 2*r - 8. What is c(p)?
7
Let l(m) = -17*m**3 - m**2 + m + 2. Let u = 12494 - 12495. Determine l(u).
17
Let g = -8069 - -8075. Let n(y) = 2*y**2 - 15*y + 23. Give n(g).
5
Let j(m) = 17*m + m**2 - 2*m**2 - 45*m - 59. Let l be j(-26). Let u(v) be the first derivative of -v**2 + 3. Determine u(l).
14
Let h(j) = j**2 + 4*j**2 + 0*j**2 + 221*j - 218*j - 4*j**2. Give h(4).
28
Suppose -3*p + 130 = -z, 5*p + 0*z = 4*z + 205. Suppose -4*v - p + 65 = 0. Let u(t) = -t**2 - 3*t**2 - 1 + 5*t**2 - 2*t**2 + v*t. What is u(6)?
-7
Let c(i) = -i - 50567 - 50581 + 101098. Give c(-16).
-34
Let q(x) = -10*x - 49. Let g = -4830 - -4819. Give q(g).
61
Let y(t) = -20*t + 431. Let h = 3636 + -3614. Calculate y(h).
-9
Let m(p) = -22*p + 294. Let v(d) = -2*d + 25. Let b(o) = 2*m(o) - 23*v(o). Let i be (-8)/(-6) + 2/3. Let l be -9 + i*2/(-4). What is b(l)?
-7
Let i(h) = -12*h**2 + 8*h + 4. Let l(k) be the first derivative of -5*k**3/3 + 2*k**2 + k + 83. Let n(u) = 2*i(u) - 5*l(u). Determine n(3).
0
Let l(o) = -41*o + 58*o**2 + 7 - 55*o**2 + 40*o. What is l(-5)?
87
Let c = -2865 + 2871. Let v(d) = d**2 - 2*d - 19. Give v(c).
5
Let r(q) be the first derivative of -2*q**3/3 + q**2 + 3*q - 16. Let v = -140 + 137. What is r(v)?
-21
Let b(o) = o - 54. Let y(s) = s - 60. Let p(d) = 9*b(d) - 8*y(d). Let n = -1 - 5. Calculate p(n).
-12
Let s(i) = -4*i**3 + i**2 - 7*i - 9. Let z be 3/(6/(-8)*6*277/831). What is s(z)?
41
Suppose 2*u = -5*y + 616 - 6, -3*y = -u - 366. Let j = y + -125. Let t be -9*((-16)/(-4) - (-10)/j). Let m(k) = -2*k - 4. What is m(t)?
8
Suppose j + 5 = 0, -3*t + 2*j - 61 = -2*j. Let l = -14 - t. Let v be (-75)/100 + l/(-4). Let y(z) = z**2 + 8*z - 5. What is y(v)?
-21
Let y(w) = 9*w**2 - 12*w + w**3 - 5*w**2 + 15*w. Suppose 2*h + 1 + 7 = 0. Let p be 18/(-4) + (-6)/h. Give y(p).
0
Let p(v) = -v**3 - 4*v**2 - 7*v - 130. Suppose g = 2*b + 8, -6*g + 3*b = 15 - 0. Calculate p(g).
-16
Let a(n) = 10*n**2 - 66*n - 74. Let o(w) = 8*w**2 - 67*w - 74. Let k(i) = -3*a(i) + 4*o(i). Let p be k(36). Let u(s) = -3*s**2 + s - 1. What is u(p)?
-15
Let j(x) = 5*x**2 - 2*x - 1. Let d be j(-1). Let q(n) be the third derivative of -1/60*n**5 + 0 + 0*n - 19*n**2 + 7/6*n**3 + 5/24*n**4. What is q(d)?
1
Let s(q) be the second derivative of 7*q**3/2 - q**2/2 - 602*q. Determine s(-3).
-64
Let r = -86 - -91. Suppose -r*h + 4*n - 5 = 8*n, -h + 5*n + 28 = 0. Suppose 5*s - 6*l + 2*l = 11, -s + l = -h. Let b(t) = 11*t**2. Determine b(s).
11
Let f(x) = x**2 - 47*x + 33. Let l(p) = p**2 + 10*p. Let j(u) = -f(u) - 3*l(u). Determine j(3).
-18
Let h(i) = -3 + i + 7*i + 7*i + 0 + 20*i. Give h(1).
32
Let y(i) = 166*i - 38. Let q(l) = 48*l - 13. Let h(n) = -7*q(n) + 2*y(n). What is h(5)?
-5
Let t(f) = -25 + 70*f + 27 - 51*f + 22*f. Calculate t(0).
2
Let r(j) be the third derivative of -j**6/120 + j**5/30 + j**4/6 + 5*j**3/6 + 29*j**2. Let m(x) = x**2 + 8*x + 4. Let i be m(-8). Calculate r(i).
-11
Let b(l) = 10*l + 17. Suppose -70*p - 18 = -64*p + 6. Calculate b(p).
-23
Let n(u) = -179*u + 81*u - 10 + 102*u. Give n(5).
10
Let o(x) = 4*x + x**3 - 64295 - 64300 - 11*x**2 + 128591 + 5*x. Let u(w) = 10*w**3 + w - 1. Let s be u(1). Give o(s).
-14
Suppose 4*z = 16 - 0. Suppose -z*t = -12, g + 4*t = -0*g + 45. Let p(x) = g*x - 4 - 32*x + 7. Determine p(-6).
-3
Let y(q) = -10*q**2 - 76*q + 9. Let i(j) = -9*j**2 - 59*j + 9. Let c(t) = 4*i(t) - 3*y(t). Give c(2).
-31
Let c(b) = -377*b + 44. Let v(n) = 230*n - 23. Let t(j) = 3*c(j) + 5*v(j). What is t(-3)?
-40
Let i(b) = -18 - 13 - 312*b + 313*b. Let n be i(25). Let u(w) = -2 - 10*w**2 - w**3 + 2 + 4*w**2. What is u(n)?
0
Let j be ((-504)/252)/(2/5 + 0). Let z(v) = -5*v + 21. What is z(j)?
46
Let f(t) = 11*t**2 - 27*t + 22. Let z(k) = -7*k**2 + 17*k - 14. Let y(d) = -5*f(d) - 8*z(d). What is y(8)?
58
Let t = -17 - -13. Let k(l) be the first derivative of l**3/3 + 3*l**2 + 8*l + 1142. Give k(t).
0
Let t(g) = 10*g**2 + 111*g + 14. Let s be t(-11). Suppose s*z + 47 = -2*v, 5*z + v + 62 + 14 = 0. Let u(m) = -m**2 - 14*m + 19. What is u(z)?
4
Let u(p) = p**3 + 10*p**2 + 6*p - 31. Let x be u(-7). Suppose 0 = -x*v + 80*v + 36. Let f(l) = -4 - 3*l + 2*l - 3. Give f(v).
-1
Let o be (-3)/(3 - (-36)/(-6)). Let i(f) = 21*f - 25*f - 3 + 7*f**2 + f**3 + o. Calculate i(-7).
26
Let w(j) = 2*j. Let z = 84 - 89. Let f(h) be the first derivative of h**2/2 + h - 1. Let t be f(z). Give w(t).
-8
Let u be 1 + -1 + 0/(-2). Let q(h) be the second derivative of -1/6*h**3 + 0 - 100*h - 1/2*h**2. What is q(u)?
-1
Let y(x) = -4*x**2 + 14*x - 97. Let u(r) = -r**2 + 3*r - 23. Let o(k) = -9*u(k)